
Convert 4621 (base 8) to base 15.
ad4
1100000110 (base 2) to base 12
546
What is 1012 (base 4) in base 2?
1000110
What is -3145 (base 14) in base 9?
-12572
What is 11213 (base 13) in base 12?
16008
What is -1101010 (base 2) in base 8?
-152
-3c4d (base 14) to base 9
-15546
What is 112 (base 5) in base 13?
26
Convert -11210120 (base 3) to base 10.
-3498
What is -130312 (base 6) in base 3?
-121011022
11101100 (base 2) to base 14
12c
What is -2020 (base 10) in base 14?
-a44
Convert -3112012 (base 4) to base 14.
-4dca
What is 3178 (base 14) in base 16?
2156
Convert 59 (base 15) to base 3.
10010
-64500 (base 9) to base 4
-22122333
What is -44415 (base 6) in base 13?
-2a92
What is 33332 (base 5) in base 8?
4446
Convert 1f45 (base 16) to base 14.
2cbb
-10101010 (base 2) to base 11
-145
Convert -1c507 (base 14) to base 8.
-215213
What is -1517 (base 9) in base 15?
-51a
Convert -1110123 (base 4) to base 7.
-21516
What is 1010110 (base 2) in base 5?
321
What is -24050 (base 11) in base 9?
-52482
What is -5015 (base 9) in base 11?
-2827
What is 454 (base 14) in base 15?
3c3
Convert -1010001000101 (base 2) to base 6.
-40005
Convert 645 (base 10) to base 7.
1611
What is -1241511 (base 6) in base 2?
-10000100011010011
What is 1011000110 (base 2) in base 7?
2033
What is -653 (base 8) in base 7?
-1150
Convert -1100101011011100 (base 2) to base 5.
-3130212
What is -95c (base 16) in base 3?
-10021202
Convert 6cd0 (base 14) to base 3.
222001122
What is -100111101 (base 2) in base 7?
-632
-c7 (base 14) to base 7
-340
Convert 13516 (base 7) to base 16.
e68
-1020200 (base 3) to base 4
-32031
What is -1047 (base 9) in base 8?
-1404
-121023 (base 4) to base 7
-4461
What is -106 (base 13) in base 5?
-1200
Convert 2211130 (base 4) to base 2.
10100101011100
Convert -13 (base 8) to base 4.
-23
What is 424524 (base 6) in base 11?
24127
Convert 558b (base 14) to base 6.
152343
What is -11625 (base 9) in base 12?
-461b
What is -2263 (base 8) in base 12?
-843
Convert -491 (base 15) to base 9.
-1371
Convert -8a4 (base 13) to base 8.
-2716
What is -7457 (base 11) in base 12?
-585b
Convert -51026 (base 8) to base 10.
-21014
Convert 111011011110 (base 2) to base 5.
110211
-1305011 (base 6) to base 2
-10001010110011111
What is 10001111011 (base 2) in base 10?
1147
-10011 (base 2) to base 3
-201
Convert -103 (base 4) to base 5.
-34
Convert -229a (base 16) to base 12.
-5162
Convert -355 (base 8) to base 6.
-1033
Convert 135a (base 11) to base 2.
11011011111
Convert 11b6 (base 16) to base 15.
1524
What is 121110201 (base 3) in base 12?
6b47
Convert -d34 (base 16) to base 8.
-6464
-142412 (base 6) to base 10
-13544
2123144 (base 5) to base 8
106321
Convert -35241 (base 6) to base 7.
-20524
What is -1020102 (base 3) in base 14?
-486
133 (base 15) to base 11
229
-233 (base 15) to base 12
-356
-4438 (base 11) to base 8
-13331
Convert 104635 (base 7) to base 8.
44103
-1782 (base 10) to base 11
-1380
What is -111000000011100 (base 2) in base 8?
-70034
Convert -1028 (base 14) to base 8.
-5334
Convert 1625 (base 11) to base 2.
100000100100
What is 649 (base 14) in base 5?
14431
Convert -a57 (base 13) to base 5.
-24022
What is -12450 (base 6) in base 3?
-2121110
-1120140 (base 5) to base 11
-14073
What is -3001 (base 6) in base 3?
-220001
51202 (base 8) to base 4
11022002
What is 52452 (base 6) in base 12?
4128
What is -2f18 (base 16) in base 14?
-4572
Convert 14876 (base 12) to base 9.
43560
Convert 13623 (base 7) to base 12.
21b9
Convert 164 (base 13) to base 7.
506
Convert 1667 (base 13) to base 14.
12b6
4163 (base 12) to base 2
1101111011011
What is 10102011 (base 3) in base 7?
10153
-30 (base 16) to base 11
-44
Convert -341 (base 12) to base 9.
-584
5490 (base 14) to base 12
8572
Convert -10001000011101 (base 2) to base 14.
-327b
What is 1025523 (base 6) in base 14?
145ab
Convert -44c1 (base 13) to base 7.
-40023
-12243 (base 6) to base 14
-947
-8251 (base 12) to base 10
-14173
Convert -10a90 (base 12) to base 10.
-22284
What is -58c (base 14) in base 12?
-780
What is -21020 (base 3) in base 7?
-366
-142 (base 16) to base 12
-22a
-44011 (base 5) to base 3
-11010100
Convert 32b1 (base 15) to base 6.
121421
-935 (base 10) to base 2
-1110100111
Convert 21108 (base 9) to base 13.
6464
-1533 (base 9) to base 13
-6b7
What is 4b (base 14) in base 13?
52
1b01 (base 14) to base 9
6645
Convert 22120 (base 3) to base 16.
e7
Convert -232 (base 7) to base 13.
-94
Convert 861 (base 11) to base 15.
490
-18c13 (base 14) to base 12
-30381
Convert -31057 (base 12) to base 13.
-23194
-553412 (base 6) to base 14
-12b72
-1011011101 (base 2) to base 12
-511
825 (base 13) to base 2
10101100111
Convert -906 (base 10) to base 9.
-1216
What is 59 (base 16) in base 6?
225
Convert -1111010110010 (base 2) to base 13.
-3766
Convert -393 (base 16) to base 6.
-4123
Convert 165 (base 14) to base 3.
101120
Convert -203123 (base 4) to base 7.
-6416
Convert 3b1 (base 16) to base 14.
4b7
5184 (base 11) to base 12
3b84
Convert 17 (base 12) to base 16.
13
Convert -a97 (base 13) to base 5.
-24224
313 (base 8) to base 4
3023
Convert 5127 (base 8) to base 16.
a57
Convert -5419 (base 12) to base 4.
-2100111
What is -222 (base 13) in base 14?
-1c2
111100001100101 (base 2) to base 8
74145
Convert -1755 (base 14) to base 11.
-3170
Convert 514 (base 6) to base 4.
2332
Convert -1001111001 (base 2) to base 9.
-773
Convert -36766 (base 8) to base 9.
-23674
Convert 11011111100100 (base 2) to base 7.
56500
Convert -36230 (base 7) to base 3.
-110212102
What is 1318 (base 9) in base 2?
1111011101
Convert 63382 (base 9) to base 2.
1010001110001110
Convert -202133 (base 4) to base 16.
-89f
Convert 10243 (base 5) to base 3.
221212
-37c (base 16) to base 5
-12032
Convert -acc (base 15) to base 6.
-15150
111011100 (base 2) to base 4
13130
What is 305203 (base 6) in base 3?
1020120210
Convert 371 (base 10) to base 6.
1415
543121 (base 6) to base 10
44761
1214 (base 8) to base 3
220011
Convert 135e (base 16) to base 8.
11536
112511 (base 6) to base 16
25db
Convert 3e3c (base 15) to base 8.
32024
What is -1b0 (base 14) in base 5?
-2400
Convert 42740 (base 10) to base 15.
c9e5
What is -391b (base 14) in base 15?
-2e81
What is 16253 (base 7) in base 14?
1963
Convert -1000100010 (base 2) to base 9.
-666
Convert 100011001101 (base 2) to base 6.
14233
-44a (base 11) to base 15
-25d
What is 28071 (base 12) in base 13?
1c291
What is 31541 (base 6) in base 2?
1000011010101
What is -52b (base 16) in base 12?
-923
What is -111000011000 (base 2) in base 15?
-1108
What is -1321412 (base 5) in base 16?
-6772
-223031 (base 4) to base 12
-1725
91a0 (base 12) to base 13
7278
Convert 123321 (base 4) to base 13.
a74
What is 462 (base 7) in base 11?
1a9
46015 (base 7) to base 4
2312122
Convert -20155 (base 6) to base 4.
-221213
-1079 (base 12) to base 11
-1406
What is -4135 (base 9) in base 8?
-5725
a58 (base 15) to base 9
3172
-68 (base 14) to base 6
-232
101011010101 (base 2) to base 12
1731
204 (base 5) to base 7
105
-10101000111 (base 2) to base 6
-10131
Convert 5160 (base 10) to base 13.
246c
Convert -1234 (base 11) to base 7.
-4460
-37 (base 9) to base 4
-202
Convert -15545 (base 6) to base 12.
-15b5
Convert -12022222 (base 3) to base 5.
-111022
Convert 1023 (base 5) to base 3.
12010
10002022 (base 3) to base 15
9ee
What is -12102 (base 4) in base 9?
-486
Convert -251 (base 14) to base 8.
-717
-1231 (base 14) to base 7
-12161
153c (base 14) to base 8
7302
-a1d (base 14) to base 3
-2201121
What is -456c (base 13) in base 11?
-733a
Convert 11011110110000 (base 2) to base 16.
37b0
What is -112204 (base 7) in base 9?
-30377
-25178 (base 10) to base 9
-37475
What is 1211 (base 3) in base 8?
61
-5226 (base 9) to base 6
-25423
What is 981 (base 13) in base 16?
65a
What is -3b93a (base 12) in base 10?
-82558
What is -5100 (base 9) in base 12?
-21a6
What is 36878 (base 9) in base 13?
b37b
What is 3112402 (base 5) in base 16?
c721
8d21 (base 16) to base 12
18aa9
Convert -1 (base 4) to base 14.
-1
1213 (base 8) to base 10
651
What is 2431 (base 15) in base 6?
55344
Convert 1001102 (base 3) to base 7.
2144
What is 24bf (base 16) in base 9?
13812
What is 1c85 (base 15) in base 13?
2a8c
Convert 64346 (base 8) to base 5.
1324404
What is -10100011111 (base 2) in base 8?
